- -4?
16520
In base 11, what is 123 - 6a?
64
In base 11, what is -456a + 0?
-456a
In base 14, what is -1 - -81?
80
In base 11, what is -263 - -3?
-260
In base 10, what is 6984 + 0?
6984
In base 4, what is 3 - -10113?
10122
In base 4, what is -3 - -301103?
301100
In base 14, what is 10 - -134?
144
In base 11, what is 4 + -1186?
-1182
In base 8, what is 25323 + -1?
25322
In base 8, what is -4 - 47?
-53
In base 12, what is -26 + 13?
-13
In base 15, what is -19 - -1?
-18
In base 11, what is 161 + -3?
159
In base 16, what is -4 + a8?
a4
In base 3, what is -10212 + -12?
-11001
In base 12, what is -799 - -10?
-789
In base 8, what is 1360 - -6?
1366
In base 10, what is -10 + -2349?
-2359
In base 14, what is 0 - 3d?
-3d
In base 3, what is 121 + 1002?
1200
In base 9, what is 470 + 4?
474
In base 6, what is -33 + -23?
-100
In base 15, what is 2 - 54e?
-54c
In base 11, what is -46 + -103?
-149
In base 4, what is 31 - -202?
233
In base 6, what is 441 + 102?
543
In base 4, what is 1 - 12020?
-12013
In base 11, what is -7 - a?
-16
In base 6, what is -4 + 14402?
14354
In base 11, what is 599 - 4?
595
In base 12, what is -2 + 2?
0
In base 8, what is -5 + -1047?
-1054
In base 16, what is b3e + -2?
b3c
In base 5, what is 212 - 110?
102
In base 8, what is -10 + 21?
11
In base 10, what is -15 - 339?
-354
In base 8, what is 10641 + -2?
10637
In base 7, what is -3 - 1463?
-1466
In base 10, what is -124 - 56?
-180
In base 14, what is -28 + 2?
-26
In base 2, what is -1000000110 + -1?
-1000000111
In base 2, what is -110110 + 11?
-110011
In base 15, what is 0 + 64?
64
In base 14, what is 5 + 7b?
82
In base 5, what is 3 - 412?
-404
In base 10, what is 33 - -2?
35
In base 7, what is -1223 - -5?
-1215
In base 8, what is 4613 + 1?
4614
In base 2, what is -101 + 100111?
100010
In base 6, what is 5 - 1035?
-1030
In base 3, what is 1210 - 12?
1121
In base 10, what is -34 + 45?
11
In base 12, what is 16 + 31?
47
In base 2, what is 1 - -1101110?
1101111
In base 5, what is 1011 - -22?
1033
In base 10, what is 4 - -393?
397
In base 11, what is -21 + 35?
14
In base 10, what is -54 - -51?
-3
In base 15, what is -9e - -2?
-9c
In base 11, what is -520 - -3?
-518
In base 16, what is 34c - -3?
34f
In base 14, what is -355 - -1?
-354
In base 2, what is -1110011111 + 11?
-1110011100
In base 15, what is -55c + -4?
-561
In base 2, what is -101 - 100011?
-101000
In base 11, what is -1 + -306?
-307
In base 8, what is 1151 - -1?
1152
In base 8, what is 0 + -56?
-56
In base 12, what is 8 - -6?
12
In base 14, what is -5 + -58?
-5d
In base 11, what is -1 + a7?
a6
In base 10, what is -6871 - 3?
-6874
In base 15, what is 1c + 0?
1c
In base 8, what is 25 - 16?
7
In base 7, what is -1 - -30036?
30035
In base 6, what is 1 + 124?
125
In base 9, what is -14 + -28?
-43
In base 3, what is 121022 - -10?
121102
In base 2, what is 111101 + -1?
111100
In base 15, what is 1 - 7cb?
-7ca
In base 5, what is -10 + -14?
-24
In base 9, what is -26 - -17?
-8
In base 3, what is -202220 + -11?
-210001
In base 2, what is -1 - -100010111010?
100010111001
In base 10, what is 2 + 7?
9
In base 8, what is 165 - -7?
174
In base 5, what is 3 + -3034?
-3031
In base 3, what is 0 - 0?
0
In base 8, what is -10 - 113?
-123
In base 8, what is -3 - -233?
230
In base 10, what is -28 + -14?
-42
In base 6, what is 140322 - 4?
140314
In base 9, what is -1 + -1848?
-1850
In base 12, what is 4 - 24?
-20
In base 7, what is 1251 + -5?
1243
In base 11, what is 5 - -36a?
374
In base 12, what is -540 + 1?
-53b
In base 5, what is 21 - 23?
-2
In base 3, what is -101201 - -12?
-101112
In base 5, what is -13034 + -10?
-13044
In base 12, what is -55 - -62?
9
In base 4, what is -1322133 + -3?
-1322202
In base 3, what is 0 + 10202210?
10202210
In base 9, what is -227 + 78?
-138
In base 4, what is -210 - -10?
-200
In base 12, what is 4 - -727?
72b
In base 6, what is 2 + -10411?
-10405
In base 9, what is -447 + 1?
-446
In base 9, what is 30 + -50?
-20
In base 14, what is -5 - -174?
16d
In base 8, what is 671 + -1?
670
In base 6, what is 3 + 542?
545
In base 13, what is -2b6 + 0?
-2b6
In base 2, what is -101110 + 1?
-101101
In base 15, what is -3 - 19?
-1c
In base 13, what is -9 - -b5?
a9
In base 2, what is 10101 - -1110?
100011
In base 8, what is -5267 + 3?
-5264
In base 13, what is -1c - 40?
-5c
In base 3, what is 11 + -1121102?
-1121021
In base 14, what is 4 + 6?
a
In base 16, what is 6 + 10c?
112
In base 15, what is 37 + 3d?
75
In base 4, what is -3 + 10303?
10300
In base 15, what is 2 - 754?
-752
In base 5, what is 12 + 12223?
12240
In base 2, what is -1000100 + -1111?
-1010011
In base 2, what is -11011100 + 1011100?
-10000000
In base 10, what is 0 + -756?
-756
In base 2, what is -1 + -1010011?
-1010100
In base 3, what is 11 + 1001?
1012
In base 4, what is -221002 + 0?
-221002
In base 16, what is -3 - -26?
23
In base 2, what is 100001 - 10?
11111
In base 7, what is 0 - 655?
-655
In base 8, what is -1 - -1516?
1515
In base 9, what is -23135 + 4?
-23131
In base 14, what is -3c6 + 1?
-3c5
In base 16, what is 9 - 14?
-b
In base 9, what is 4 - 6157?
-6153
In base 13, what is -5 - -575?
570
In base 5, what is -221 - 0?
-221
In base 8, what is 3 - 36?
-33
In base 12, what is -6 - 22?
-28
In base 14, what is -1 - 4?
-5
In base 16, what is 35 + -3?
32
In base 10, what is 45 + 4?
49
In base 11, what is -3 + 119a?
1197
In base 7, what is 415 + -16?
366
In base 2, what is 10110011000010 - -1?
10110011000011
In base 11, what is -1232 + -4?
-1236
In base 15, what is 1 + 210?
211
In base 14, what is 18 + 21?
39
In base 11, what is 4a + 26?
75
In base 8, what is 3 + 4371?
4374
In base 8, what is 3 + 122?
125
In base 7, what is 0 - -145?
145
In base 14, what is -361c + -2?
-3620
In base 6, what is 10032 + 2?
10034
In base 9, what is -5 - 37?
-43
In base 13, what is -246 - -6?
-240
In base 13, what is -91 + -2?
-93
In base 10, what is -209 - -20?
-189
In base 3, what is -2200 - 1002?
-10202
In base 3, what is -10212120 + 10?
-10212110
In base 7, what is 5 + 204?
212
In base 15, what is 43 - -1?
44
In base 12, what is -209 - 44?
-251
In base 10, what is 1 - 109?
-108
In base 6, what is 11 + -1424?
-1413
In base 7, what is -25 - 136?
-164
In base 8, what is 420 - -5?
425
In base 3, what is 110 - 222?
-112
In base 8, what is -11 - 141?
-152
In base 6, what is -3 - 310?
-313
In base 8, what is -2 + -13741?
-13743
In base 14, what is -29ca + -2?
-29cc
In base 7, what is 422 + -111?
311
In base 15, what is -317 - -4?
-313
In base 2, what is -10000 + 10001100?
1111100
In base 3, what is 12 + 120200?
120212
In base 11, what is -86 - 2?
-88
In base 6, what is -112 + -31?
-143
In base 15, what is -c3 + -4?
-c7
In base 16, what is -193 + 3?
-190
In base 6, what is -5054 + 4?
-5050
In base 13, what is 2b - -1?
2c
In base 11, what is 5077 - -1?
5078
In base 3, what is 101 - 111?
-10
In base 14, what is -a - 1a?
-26
In base 4, what is 1 + 12002?
12003
In base 8, what is 0 - -250?
250
In base 13, what is -90 - -1?
-8c
In base 15, what is -93 - c?
-a0
In base 15, what is 3 - -7e?
82
In base 12, what is 2 + 107b?
1081
In base 3, what is 12 - -2010?
2022
In base 14, what is 2 - -1cc?
1d0
In base 3, what is 1110 + 11022?
12202
In base 2, what is 101010 + -11?
100111
In base 16, what is -161 - 5?
-166
In base 9, what is -5 - -54?
48
In base 8, what is -2 + -7661?
-7663
In base 5, what is 1 - 1214?
-1213
In base 3, what is 201110 + -200?
200210
In base 2, what is 10 - 110000111?
-110000101
In base 6, what is 3 - -110?
113
In base 11, what is -5 + 1445?
1440
In base 8, what is 37 - 56?
-17
In base 9, what is -12 + 18?
6
In base 9, what is 40 + -6?
33
In base 14, what is -217 - 7?
-220
In base 3, what is 120222 - 100?
120122
In base 12, what is 142b - -5?
1434
In base 9, what is -24 + -42?
-66
In base 11, what is -1845 - -4?
-1841
In base 8, what is 12 - -164?
176
In base 8, what is 1 - 44?
-43
In base 6, what is 1 + -1132?
-1131
In base 10, what is 1 + 111?
112
In base 12, what is 1a + 14a?
168
In base 10, what is -17 - -118?
101
In base 5, what is -4411 - -10?
-4401
In base 16, what is -8ef8 + 5?
-8ef3
In base 4, what is -1 - 1313?
-1320
In base 15, what is -d8 - -e?
-c9
In base 16, what is 1 - -10?
11
In base 9, what is 1180 + -2?
1177
In base 10, what is -270 - -25?
-245
In base 4